t the prime factors of 76649.
76649
What are the prime factors of 35767?
47, 761
List the prime factors of 134438.
2, 67219
List the prime factors of 6188950.
2, 5, 41, 3019
List the prime factors of 7120656.
2, 3, 53, 311
List the prime factors of 8718659.
53, 164503
What are the prime factors of 17704406?
2, 8852203
List the prime factors of 620247.
3, 206749
What are the prime factors of 9052764?
2, 3, 7, 47, 2293
What are the prime factors of 1020679?
11, 92789
List the prime factors of 821749.
877, 937
What are the prime factors of 5156589?
3, 1718863
List the prime factors of 335319.
3, 111773
What are the prime factors of 371277?
3, 13751
What are the prime factors of 110019?
3, 7, 13, 31
What are the prime factors of 4294062?
2, 3, 191, 1249
What are the prime factors of 12207837?
3, 4069279
List the prime factors of 2181351.
3, 29, 25073
List the prime factors of 21973348.
2, 19, 15217
List the prime factors of 63429.
3, 21143
What are the prime factors of 160362?
2, 3, 59, 151
List the prime factors of 283765.
5, 19, 29, 103
What are the prime factors of 12203423?
1787, 6829
List the prime factors of 988953.
3, 7, 47093
List the prime factors of 161837.
13, 59, 211
List the prime factors of 6909710.
2, 5, 67, 10313
List the prime factors of 161384.
2, 20173
What are the prime factors of 6270884?
2, 1567721
What are the prime factors of 375129?
3, 41681
List the prime factors of 225035.
5, 45007
What are the prime factors of 773917?
67, 11551
What are the prime factors of 223538?
2, 7, 2281
What are the prime factors of 3568174?
2, 23, 77569
What are the prime factors of 527185?
5, 105437
What are the prime factors of 731097?
3, 81233
List the prime factors of 18466858.
2, 1787, 5167
What are the prime factors of 5828045?
5, 317, 3677
What are the prime factors of 307823?
307823
What are the prime factors of 5518?
2, 31, 89
List the prime factors of 313150.
2, 5, 6263
List the prime factors of 6155745.
3, 5, 410383
What are the prime factors of 90530?
2, 5, 11, 823
List the prime factors of 1853041.
23, 80567
List the prime factors of 910713.
3, 303571
What are the prime factors of 188344?
2, 13, 1811
List the prime factors of 278820.
2, 3, 5, 1549
What are the prime factors of 219615?
3, 5, 11
What are the prime factors of 266989?
313, 853
List the prime factors of 2579787.
3, 7, 40949
What are the prime factors of 453550?
2, 5, 47, 193
What are the prime factors of 848011?
17, 83, 601
List the prime factors of 2582169.
3, 491, 1753
List the prime factors of 342815.
5, 11, 23, 271
List the prime factors of 10394266.
2, 59, 1493
List the prime factors of 649739.
649739
List the prime factors of 20770413.
3, 17, 407263
List the prime factors of 483835.
5, 11, 19, 463
List the prime factors of 366601.
53, 6917
What are the prime factors of 269414?
2, 134707
What are the prime factors of 682123?
13, 137, 383
List the prime factors of 29545629.
3, 9848543
List the prime factors of 366037.
7, 52291
What are the prime factors of 615346?
2, 89, 3457
List the prime factors of 325989.
3, 29, 1249
List the prime factors of 3154540.
2, 5, 41, 3847
What are the prime factors of 1714283?
61, 157, 179
What are the prime factors of 8902309?
13, 684793
List the prime factors of 13967111.
149, 93739
List the prime factors of 1354850.
2, 5, 7, 79
What are the prime factors of 4025915?
5, 83, 89, 109
What are the prime factors of 52718?
2, 43, 613
List the prime factors of 1479574.
2, 739787
List the prime factors of 4693005.
3, 5, 34763
What are the prime factors of 2335082?
2, 79, 14779
What are the prime factors of 21642?
2, 3, 3607
What are the prime factors of 9131562?
2, 3, 11, 15373
What are the prime factors of 2059546?
2, 617, 1669
List the prime factors of 10632438.
2, 3, 19, 43, 241
List the prime factors of 621244.
2, 13, 919
What are the prime factors of 265881?
3, 7, 11, 1151
What are the prime factors of 121027?
37, 3271
What are the prime factors of 421586?
2, 11, 19163
What are the prime factors of 391905?
3, 5, 2903
What are the prime factors of 2115099?
3, 7, 19, 31
List the prime factors of 282605.
5, 29, 1949
What are the prime factors of 35248?
2, 2203
List the prime factors of 363388.
2, 90847
List the prime factors of 17271555.
3, 5, 7, 103, 1597
List the prime factors of 30199409.
79, 382271
What are the prime factors of 2967833?
11, 61, 4423
List the prime factors of 12618932.
2, 977, 3229
What are the prime factors of 546197?
546197
What are the prime factors of 11975900?
2, 5, 119759
List the prime factors of 486503.
486503
What are the prime factors of 417748?
2, 181, 577
What are the prime factors of 6916524?
2, 3, 576377
List the prime factors of 425554.
2, 212777
List the prime factors of 13301992.
2, 11, 71, 2129
What are the prime factors of 281002?
2, 109, 1289
What are the prime factors of 3263132?
2, 353, 2311
What are the prime factors of 981447?
3, 29, 389
List the prime factors of 6870271.
37, 185683
What are the prime factors of 867364?
2, 216841
List the prime factors of 22083005.
5, 7, 31, 20353
List the prime factors of 267422.
2, 133711
What are the prime factors of 3032686?
2, 1516343
What are the prime factors of 2669078?
2, 139, 9601
List the prime factors of 2847965.
5, 47, 12119
What are the prime factors of 1284325?
5, 7, 41, 179
What are the prime factors of 2141888?
2, 7, 683
What are the prime factors of 1667953?
7, 19, 12541
What are the prime factors of 5117828?
2, 1279457
List the prime factors of 2908651.
2908651
List the prime factors of 901521.
3, 100169
What are the prime factors of 267820?
2, 5, 7, 1913
What are the prime factors of 5588031?
3, 439, 4243
What are the prime factors of 985479?
3, 11, 29863
List the prime factors of 67209.
3, 43, 521
List the prime factors of 3807564.
2, 3, 43, 47, 157
What are the prime factors of 251254?
2, 125627
What are the prime factors of 1540162?
2, 13, 37, 1601
List the prime factors of 812570.
2, 5, 11, 83, 89
List the prime factors of 148135.
5, 13, 43, 53
What are the prime factors of 1951974?
2, 3, 17, 6379
What are the prime factors of 3497728?
2, 13, 1051
List the prime factors of 2453287.
17, 144311
What are the prime factors of 724200?
2, 3, 5, 17, 71
What are the prime factors of 5144212?
2, 19, 113, 599
List the prime factors of 83557.
83557
What are the prime factors of 1147606?
2, 547, 1049
List the prime factors of 9344731.
11, 509, 1669
What are the prime factors of 20671529?
20671529
What are the prime factors of 390598?
2, 13, 83, 181
What are the prime factors of 113995?
5, 7, 3257
List the prime factors of 27019889.
13, 61, 2621
List the prime factors of 118596.
2, 3, 9883
What are the prime factors of 147239?
113, 1303
List the prime factors of 17176326.
2, 3, 1049, 2729
List the prime factors of 168025.
5, 11, 13, 47
What are the prime factors of 4732367?
31, 152657
What are the prime factors of 1113305?
5, 19, 11719
List the prime factors of 361523.
361523
List the prime factors of 598414.
2, 23, 13009
What are the prime factors of 6166255?
5, 1233251
List the prime factors of 7500588.
2, 3, 173, 3613
List the prime factors of 7674098.
2, 3837049
List the prime factors of 192379.
11, 17489
What are the prime factors of 2161238?
2, 73, 113, 131
List the prime factors of 5071851.
3, 653, 863
List the prime factors of 2399738.
2, 11, 19, 5741
What are the prime factors of 9184628?
2, 43, 67, 797
What are the prime factors of 384374?
2, 192187
List the prime factors of 313457.
331, 947
What are the prime factors of 591171?
3, 7, 28151
What are the prime factors of 571340?
2, 5, 7, 11, 53
List the prime factors of 240060.
2, 3, 5, 4001
List the prime factors of 250271.
7, 35753
What are the prime factors of 2068192?
2, 7, 1319
List the prime factors of 833576.
2, 29, 3593
List the prime factors of 313003.
313003
What are the prime factors of 731903?
43, 17021
What are the prime factors of 1031157?
3, 181, 211
What are the prime factors of 2132001?
3, 26321
What are the prime factors of 99184?
2, 6199
What are the prime factors of 238248?
2, 3, 1103
List the prime factors of 25233.
3, 13, 647
What are the prime factors of 875825?
5, 53, 661
List the prime factors of 15838521.
3, 929, 5683
List the prime factors of 603973.
31, 19483
W